 -l*j = 4*b - 12, 8*j - 14 = 3*j - 3*b. What is the units digit of j?
4
Let r(v) = 3*v**2 - 12*v - 10. What is the tens digit of r(-4)?
8
Suppose 0 = -17*l + 21*l. Let m(u) = 2*u + 29. What is the tens digit of m(l)?
2
Let b be 3/(-5) - 115/(-25). Suppose -3*p = -4*d - 5, 61 = b*p + 5*d + 13. What is the units digit of p?
7
Let x(v) = v**2 + 12*v + 2. Let y(k) = 3*k**2 + 24*k + 4. Let r(d) = -5*x(d) + 2*y(d). What is the units digit of r(13)?
1
Suppose -j = 2*d + 4*j - 41, 5*d - 4*j - 119 = 0. What is the tens digit of d?
2
Suppose -2*w + 10 = -0*w, 0 = -2*r - 2*w + 14. Let a be 22/8 - r/(-8). Suppose 0 = -a*v + 2*v + 4. What is the units digit of v?
4
Suppose 111*i - 220 = 107*i. What is the units digit of i?
5
Let q(b) = -6*b**2 + 3*b + 2. Let a(l) = -11*l**2 + 6*l + 3. Let v(m) = -3*a(m) + 5*q(m). Let c = -5 - -7. What is the units digit of v(c)?
7
Suppose -1 = -3*b + 107. What is the units digit of b?
6
Suppose 0 = -3*k - i - 2 + 475, 0 = 3*i + 12. What is the hundreds digit of k?
1
Let b = 15 - 12. Suppose -26 = -b*t + 40. What is the tens digit of t?
2
What is the tens digit of 2535/40 + 3/(-8)?
6
What is the tens digit of (-15)/((10/4)/(-5))?
3
Suppose -10*v = -11*v + 8. What is the units digit of v?
8
Suppose -18*p + 3312 = -6*p. What is the hundreds digit of p?
2
What is the tens digit of (-1)/(-1 + (-44)/(-48))?
1
Let x(j) be the second derivative of -j**4/12 + 7*j**3/6 + 3*j**2/2 + 4*j. What is the units digit of x(7)?
3
Suppose 4*s - 9*s = -10, -5*v - 5*s + 200 = 0. What is the tens digit of v?
3
Let s(y) = -y**2 - 25*y + 13. What is the units digit of s(-8)?
9
Let w be ((-6)/4)/(6/(-44)). Let i = 34 - w. What is the tens digit of i?
2
Suppose -6*t = -2*t - 48. Suppose 0 = -2*j - 2*j + t. Let v = j + -2. What is the units digit of v?
1
Let u(b) = 2*b**2 + b. Let n(i) = -i**2 + i + 1. Let z(o) = -3*n(o) - u(o). Let r be z(4). Let w = r - -5. What is the units digit of w?
2
What is the units digit of 6/(-4) - (-335)/10?
2
Let b(k) = k**2 - 5. Let h be b(-4). Let d(w) = -h - w - w + 5. What is the units digit of d(-7)?
8
Let s(f) = -f**3 - 5*f**2 + 10*f - 2. Let c be (7/(-3))/((-4)/(-12)). What is the tens digit of s(c)?
2
Suppose -x - 76 = -3*x. What is the units digit of x?
8
Let z(s) = 2 + 8*s - s**3 - 9 - 8*s**2 + 0 - 1. What is the units digit of z(-9)?
1
Let b = 518 + -262. What is the tens digit of (-2)/9 - b/(-18)?
1
Suppose 0 = -2*w - 2*w + 20. Suppose w*a = 15 + 40. What is the tens digit of a?
1
Suppose -c = q - 7, -3*q - 2*c + 20 = 2*q. Suppose -q*b + 0 = -8. What is the units digit of b?
4
Let k(x) = -x + 4. Let l(g) = g**3 - g. Let s be l(-1). What is the units digit of k(s)?
4
Let c(s) = -5*s**2 - s - 7. Let w(f) = 9*f**2 + 3*f + 13. Let n(k) = -7*c(k) - 4*w(k). Let j be n(-5). Let h = 2 - j. What is the units digit of h?
5
Let u be (-1)/(-2) + (-18)/12. What is the units digit of ((-5)/2)/(u/2)?
5
Suppose -9*d + 79 = -137. What is the tens digit of d?
2
Let g(s) = -s**2 - 7*s + 20. Let l(o) = o**2 + 6*o - 21. Let d(i) = -5*g(i) - 6*l(i). What is the units digit of d(0)?
6
Let f(o) = o**3 - 5*o**2 + o - 3. Let i be f(5). What is the tens digit of (i/(-3))/(2/(-78))?
2
Suppose 4*u - 19 = 1. Suppose 0 = -u*f + 24 + 121. What is the units digit of f?
9
Suppose -5*r + 46 = 4*p, 0 = 3*p - 2*p - r - 16. Suppose p*s - 145 = 9*s. What is the units digit of s?
9
Suppose -4 - 1 = 5*n. Let m = -1 + n. What is the units digit of -1*(-6 + m + 4)?
4
Suppose 0*z = -3*z + 6. Suppose 7*r - 23 = 2*r + z*y, -2*r + y + 10 = 0. What is the units digit of (33/9)/(r/9)?
1
Let l = -25 + 114. Let o = -64 + l. What is the units digit of o?
5
Let u = 21 - 13. Let o = u - -21. What is the tens digit of o?
2
Let a(u) be the second derivative of -u**5/20 - 2*u**4/3 + 7*u**2/2 - 2*u. Let k be a(-8). What is the units digit of 2/k + (-276)/(-14)?
0
Let a(l) be the second derivative of -2*l**2 - 1/6*l**4 + 0 + l - 1/20*l**5 - 1/6*l**3. What is the units digit of a(-3)?
8
Suppose 4*t - t - 12 = 0. Suppose -o + 20 = t*u - 6*o, -3*u + 2*o = -15. What is the units digit of u?
5
Suppose -4*y + 26 = n, y + 12 = -2*y. Let k be n/10 + 5/(-25). Let a = k + -3. What is the units digit of a?
1
What is the units digit of (-306)/(-24)*24/9?
4
Suppose -4*w - 6 = 2*h, 0 = -5*w + 2*w - 3*h. Let r(j) = -3*j - 4. Let a(y) = -2*y - 3. Let x(i) = w*r(i) + 4*a(i). What is the units digit of x(2)?
2
Let d = 48 - -76. What is the tens digit of d?
2
Let g(d) = -9*d**2 - 4 + 0 - 9*d + 6 - d**3. What is the tens digit of g(-8)?
1
Let n be (5 + -11)*(-4)/6. Let v be (-46)/(-8) + 1/n. What is the tens digit of 4/v*132/8?
1
Let c(z) be the first derivative of 2*z**2 - 4*z - 3. What is the tens digit of c(4)?
1
Suppose 0 = o + 3*o + 16. Let k(r) = r + 1. Let m be k(o). Let u(v) = 3*v**2 + 2*v - 4. What is the units digit of u(m)?
7
Let y(r) = -r**2 - 6*r - 6. Let f be y(-4). Suppose 0 = -4*v + f*l + 26, 3*v - 15 = l - 4*l. What is the units digit of v?
6
Suppose 3*v - 63 - 329 = -4*l, v = -4*l + 136. What is the hundreds digit of v?
1
Let i be -3*-1*(-6)/(-9). Let u be i + -2 + 8*3. Suppose -3*m = m - u. What is the units digit of m?
6
Let q(d) = 2*d**2. Let l be q(-2). Suppose 3*t - 9 = 9. What is the tens digit of 106/l - t/24?
1
Let r(u) = u + 31. What is the tens digit of r(0)?
3
Suppose 6 = p - 12. Let k = 38 - p. What is the tens digit of k?
2
Suppose -2*y - 4*u + 96 = -22, -2*u = 2*y - 122. Suppose -5*p + 7 = m, m - 5 = -0*m - 3*p. Suppose m*k - y = -k. What is the tens digit of k?
2
Suppose 2*g + 2*g + 3*o = 77, -4*g + 3*o + 59 = 0. What is the units digit of g?
7
Let b(g) = 8*g + 5. What is the tens digit of b(4)?
3
Suppose -2*i + 44 = -64. Let u = 80 - i. Suppose 0 = -3*x + 2*m + u + 4, -22 = -2*x + 2*m. What is the units digit of x?
8
Let o be (-6)/5 + 8/40. What is the units digit of (o/2)/(9/(-162))?
9
Let r be (-60)/14 - (-4)/14. Let k(z) = z**3 + 3*z**2 - 3*z + 4. Let t be k(r). Suppose 4*x + t*x = 16. What is the units digit of x?
4
Let o(d) = -d**3 - 6*d**2 - 6*d - 5. Let a be o(-5). Suppose a*k = -k - u + 4, 8 = 3*k - u. Let p = 10 - k. What is the units digit of p?
7
Suppose -4*s + 24 = -s - 3*f, 2*s - 17 = f. What is the units digit of s?
9
Let f(k) = 6*k**2 + 3*k - 4. What is the units digit of f(-3)?
1
Let y = -49 - -69. What is the tens digit of y?
2
Let g = 45 - -20. What is the tens digit of g?
6
Let x(y) = -y**2 - 6*y. Let o be x(-6). Suppose 3*a - 2*a - 5*u = 20, o = 5*a - u - 28. Suppose a*f - 6 - 34 = 0. What is the units digit of f?
8
Let n(t) = 2*t - 2. Let i(o) = o - 3. Let q be i(3). Suppose 17 = h - 3*d, -3*h + q*h - 5*d = 5. What is the units digit of n(h)?
8
Let r = 116 - -28. What is the tens digit of r?
4
Let s be (4/12)/((-2)/(-402)). Let i = 94 - s. What is the tens digit of i?
2
Let y(c) = 7*c**3 - 2*c - 1. Let s be y(-1). What is the units digit of (-1)/(s/(-4))*-12?
8
Let u = 4 + -1. Let c = u + 0. Suppose 15 = 3*r + 3*t, t - 4 = 3*r - c. What is the units digit of r?
1
Suppose 4*o - 8 = 0, 0*t - 4*o = -5*t + 12. Suppose 4*a + 13 = 2*u - 5, t*a + 2*u + 30 = 0. What is the units digit of ((-15)/2)/(a/8)?
0
Let c = 9 - 9. Suppose -d + 0*d + 21 = c. What is the units digit of d?
1
Suppose 15 = 5*l, -5*l = 4*b - 15 - 8. What is the units digit of (-1)/b - (-15)/2?
7
Let f(s) = 2*s + 6. Let u be f(-4). Let o = 6 - u. What is the units digit of o?
8
Let t = -4 + 9. Suppose -2*z - 2*f - 1 = -t, -f = -2*z + 10. What is the units digit of z?
4
Let p(r) = r**3 + 7*r**2 - 4*r. What is the tens digit of p(-7)?
2
Let f(m) = m**3 + 3*m**2 - m - 1. Suppose y = -y + 2. Let k be (y - 3)/((-4)/(-6)). What is the units digit of f(k)?
2
Let s(r) be the first derivative of -r**2/2 - 13*r - 3. Let o be s(0). What is the units digit of (-4)/26 + (-28)/o?
2
Suppose 0 = -0*l - l - 1. Let s be ((-9)/6)/(l/2). Suppose -5*f = -s*d + 22, d = 2*d + 3*f + 2. What is the units digit of d?
4
Let b = 175 - 112. What is the tens digit of b?
6
Let d(s) = -s**2 - 9*s. What is the tens digit of d(-4)?
2
Let u(l) be the second derivative of l**4/12 + l**3/6 + 2*l. Let a be u(2). Suppose -a = -5*j + 29. What is the units digit of j?
7
Let x(p) = -3*p**2 + 3*p - 6. Let h(d) be the first derivative of d**3/3 - d**2/2 + 2*d + 2. Let g(i) = -11*h(i) - 4*x(i). What is the units 